{"id":27626,"date":"2022-05-19T18:23:57","date_gmt":"2022-05-19T15:23:57","guid":{"rendered":"http:\/\/13.56.220.184\/?page_id=2868"},"modified":"2025-12-11T09:29:18","modified_gmt":"2025-12-11T06:29:18","slug":"confirmation-page","status":"publish","type":"page","link":"https:\/\/www.linkedhelper.com\/blog\/es\/confirmation-page\/","title":{"rendered":"P\u00e1gina de confirmaci\u00f3n"},"content":{"rendered":"\n<p class=\"has-text-align-left has-medium-font-size\">S\u00ed, le hemos a\u00f1adido a nuestra lista de correo electr\u00f3nico.<br>Pronto tendr\u00e1 noticias nuestras.<\/p>\n","protected":false},"excerpt":{"rendered":"<p>S\u00ed, le hemos a\u00f1adido a nuestra lista de correo electr\u00f3nico.Pronto tendr\u00e1 noticias nuestras.<\/p>\n","protected":false},"author":14,"featured_media":0,"parent":0,"menu_order":0,"comment_status":"closed","ping_status":"closed","template":"","meta":{"site-sidebar-layout":"default","site-content-layout":"default","ast-global-header-display":"","ast-banner-title-visibility":"","ast-main-header-display":"","ast-hfb-above-header-display":"","ast-hfb-below-header-display":"","ast-hfb-mobile-header-display":"","site-post-title":"","ast-breadcrumbs-content":"","ast-featured-img":"","footer-sml-layout":"","theme-transparent-header-meta":"","adv-header-id-meta":"","stick-header-meta":"","header-above-stick-meta":"","header-main-stick-meta":"","header-below-stick-meta":"","_themeisle_gutenberg_block_has_review":false,"footnotes":""},"class_list":["post-27626","page","type-page","status-publish","hentry"],"aioseo_notices":[],"lang":"es","translations":{"es":27626,"en":2868,"fr":27623,"pt":27624,"de":27625},"pll_sync_post":[],"_links":{"self":[{"href":"https:\/\/www.linkedhelper.com\/blog\/wp-json\/wp\/v2\/pages\/27626","targetHints":{"allow":["GET"]}}],"collection":[{"href":"https:\/\/www.linkedhelper.com\/blog\/wp-json\/wp\/v2\/pages"}],"about":[{"href":"https:\/\/www.linkedhelper.com\/blog\/wp-json\/wp\/v2\/types\/page"}],"author":[{"embeddable":true,"href":"https:\/\/www.linkedhelper.com\/blog\/wp-json\/wp\/v2\/users\/14"}],"replies":[{"embeddable":true,"href":"https:\/\/www.linkedhelper.com\/blog\/wp-json\/wp\/v2\/comments?post=27626"}],"version-history":[{"count":1,"href":"https:\/\/www.linkedhelper.com\/blog\/wp-json\/wp\/v2\/pages\/27626\/revisions"}],"predecessor-version":[{"id":27686,"href":"https:\/\/www.linkedhelper.com\/blog\/wp-json\/wp\/v2\/pages\/27626\/revisions\/27686"}],"wp:attachment":[{"href":"https:\/\/www.linkedhelper.com\/blog\/wp-json\/wp\/v2\/media?parent=27626"}],"curies":[{"name":"wp","href":"https:\/\/api.w.org\/{rel}","templated":true}]}}