{"id":27653,"date":"2022-08-25T22:23:52","date_gmt":"2022-08-25T19:23:52","guid":{"rendered":"https:\/\/www.linkedhelper.com\/blog\/?page_id=6528"},"modified":"2025-12-11T09:12:40","modified_gmt":"2025-12-11T06:12:40","slug":"write-to-us","status":"publish","type":"page","link":"https:\/\/www.linkedhelper.com\/blog\/de\/write-to-us\/","title":{"rendered":"Wir suchen n\u00fctzliche Inhalte f\u00fcr unseren Blog"},"content":{"rendered":"\n<h2 class=\"wp-block-heading\"><strong>Welche Themen wir akzeptieren:<\/strong><\/h2>\n\n\n\n<ul class=\"wp-block-list\">\n<li>Erfahrungsberichte zur Nutzung des Linked Helper Programms und wie es zur L\u00f6sung eines Gesch\u00e4ftsproblems beigetragen hat.<\/li>\n\n\n\n<li>Tipps zur Lead-Generierung auf LinkedIn mit einer Beschreibung Ihrer eigenen Erfahrungen.<\/li>\n\n\n\n<li>Wie man eine Gruppe oder eine Unternehmensseite auf LinkedIn bewirbt.<\/li>\n\n\n\n<li>Wie man Marketing \u00fcber LinkedIn aufbaut.<\/li>\n\n\n\n<li>Alles \u00fcber LinkedIn Ads.<\/li>\n\n\n\n<li>Erfahrungen mit den Plattformen LinkedIn Sales Navigator, LinkedIn Recruiter und LinkedIn Business.<\/li>\n<\/ul>\n\n\n\n<h2 class=\"wp-block-heading\"><strong>Wie lang sollte der Text sein?<\/strong><\/h2>\n\n\n\n<p><\/p>\n\n\n\n<p>Artikel mit 1500-2000 W\u00f6rtern.<\/p>\n\n\n\n<h2 class=\"wp-block-heading\"><strong>Welche Links f\u00fcgen wir ein?<\/strong><\/h2>\n\n\n\n<ul class=\"wp-block-list\">\n<li>Wir ver\u00f6ffentlichen Artikel kostenlos mit Nofollow-Links (1 Link pro Artikel).<\/li>\n\n\n\n<li>Es ist m\u00f6glich, einen Artikel mit 1 Dofollow-Link auf Gegenseitigkeit zu ver\u00f6ffentlichen. Das Thema des Artikels sollte in diesem Fall jedoch detaillierter mit uns besprochen werden \u2013 schreiben Sie dazu an <a href=\"mailto:info@linkedhelper.com\" title=\"\">info@linkedhelper.com<\/a> mit dem Vermerk \u201ewrite to blog\u201c im Betreff. Lesen Sie die Details unten. <\/li>\n<\/ul>\n\n\n\n<h2 class=\"wp-block-heading\"><strong>Verf\u00fcgbarkeit von Bildern?<\/strong><\/h2>\n\n\n\n<p><\/p>\n\n\n\n<p>Ja, wir platzieren Bilder im Text. Dies d\u00fcrfen jedoch keine Stock-Bilder sein. Wir freuen uns \u00fcber vorbereitete Infografiken.<\/p>\n\n\n\n<h2 class=\"wp-block-heading\"><strong>Was sind die Bedingungen f\u00fcr eine kostenlose Platzierung \u2013 das \u201eBarter\u201c-Programm<\/strong><\/h2>\n\n\n\n<p><\/p>\n\n\n\n<p>Wir sind bereit, Ihren Artikel kostenlos mit einem Dofollow-Link zu ver\u00f6ffentlichen, wenn Sie im Gegenzug an einer thematisch passenden Stelle auf Ihrer Website (in einem Blog oder auf internen Seiten) einen Dofollow-Link zu unserer Website setzen. Wir k\u00f6nnen Ihren Link auch in einen bereits bestehenden Artikel in unserem Blog einf\u00fcgen.<\/p>\n\n\n\n<h2 class=\"wp-block-heading\"><strong>Eine solche Platzierung ist m\u00f6glich, wenn:<\/strong><\/h2>\n\n\n\n<ul class=\"wp-block-list\">\n<li>Ihre Website einen DR40+ hat,<\/li>\n\n\n\n<li>Ihre Website nicht unter Sanktionen steht,<\/li>\n\n\n\n<li>Sie \u201elebendigen\u201c organischen Traffic haben,<\/li>\n\n\n\n<li>Ihr Linkprofil stabil ist und keine ausgepr\u00e4gten Einbr\u00fcche im Diagramm aufweist,<\/li>\n\n\n\n<li>der Haupt-Traffic Ihrer Website aus den USA, Europa oder Lateinamerika kommt,<\/li>\n\n\n\n<li>Sie den Artikel gem\u00e4\u00df dem oben genannten SLA vorbereiten.<br><\/li>\n<\/ul>\n\n\n\n<p>Um eine Barter-Platzierung zu besprechen, schreiben Sie an <a href=\"mailto:info@linkedhelper.com\">info@linkedhelper.com<\/a> mit \u201ewrite to blog\u201c im Betreff.<\/p>\n","protected":false},"excerpt":{"rendered":"<p>Welche Themen wir akzeptieren: Wie lang sollte der Text sein? Artikel mit 1500-2000 W\u00f6rtern. Welche Links f\u00fcgen wir ein? Verf\u00fcgbarkeit von Bildern? Ja, wir platzieren Bilder im Text. Dies d\u00fcrfen jedoch keine Stock-Bilder sein. Wir freuen uns \u00fcber vorbereitete Infografiken. Was sind die Bedingungen f\u00fcr eine kostenlose Platzierung \u2013 das \u201eBarter\u201c-Programm Wir sind bereit, Ihren &hellip;<\/p>\n<p class=\"read-more\"> <a class=\"\" href=\"https:\/\/www.linkedhelper.com\/blog\/de\/write-to-us\/\"> <span class=\"screen-reader-text\">Wir suchen n\u00fctzliche Inhalte f\u00fcr unseren Blog<\/span> Read More \u00bb<\/a><\/p>\n","protected":false},"author":14,"featured_media":0,"parent":0,"menu_order":0,"comment_status":"closed","ping_status":"closed","template":"","meta":{"site-sidebar-layout":"default","site-content-layout":"default","ast-global-header-display":"","ast-banner-title-visibility":"","ast-main-header-display":"","ast-hfb-above-header-display":"","ast-hfb-below-header-display":"","ast-hfb-mobile-header-display":"","site-post-title":"","ast-breadcrumbs-content":"","ast-featured-img":"","footer-sml-layout":"","theme-transparent-header-meta":"","adv-header-id-meta":"","stick-header-meta":"","header-above-stick-meta":"","header-main-stick-meta":"","header-below-stick-meta":"","_themeisle_gutenberg_block_has_review":false,"footnotes":""},"class_list":["post-27653","page","type-page","status-publish","hentry"],"aioseo_notices":[],"lang":"de","translations":{"de":27653,"en":6528,"fr":27651,"pt":27652,"es":27654},"pll_sync_post":[],"_links":{"self":[{"href":"https:\/\/www.linkedhelper.com\/blog\/wp-json\/wp\/v2\/pages\/27653","targetHints":{"allow":["GET"]}}],"collection":[{"href":"https:\/\/www.linkedhelper.com\/blog\/wp-json\/wp\/v2\/pages"}],"about":[{"href":"https:\/\/www.linkedhelper.com\/blog\/wp-json\/wp\/v2\/types\/page"}],"author":[{"embeddable":true,"href":"https:\/\/www.linkedhelper.com\/blog\/wp-json\/wp\/v2\/users\/14"}],"replies":[{"embeddable":true,"href":"https:\/\/www.linkedhelper.com\/blog\/wp-json\/wp\/v2\/comments?post=27653"}],"version-history":[{"count":1,"href":"https:\/\/www.linkedhelper.com\/blog\/wp-json\/wp\/v2\/pages\/27653\/revisions"}],"predecessor-version":[{"id":27669,"href":"https:\/\/www.linkedhelper.com\/blog\/wp-json\/wp\/v2\/pages\/27653\/revisions\/27669"}],"wp:attachment":[{"href":"https:\/\/www.linkedhelper.com\/blog\/wp-json\/wp\/v2\/media?parent=27653"}],"curies":[{"name":"wp","href":"https:\/\/api.w.org\/{rel}","templated":true}]}}